t of v?
0
Let w = -290 - -162. Let v = w + 249. What is the tens digit of v?
2
Let g be (-12 + 0)*2/(16/(-36)). Suppose -r - g = -70. What is the tens digit of r?
1
Let n(w) = w**3 - 9*w**2 + 10*w - 13. Let t be n(8). Suppose 74 = 2*q - t*a + 4*a, 2*q + 5*a = 58. What is the tens digit of q?
3
Let z be (125/100)/((-1)/(-16)). What is the tens digit of (z/(-12) - 4)*-45?
5
Let g(r) = -r**3 + 10*r**2 + 5*r - 2. Let o be g(10). Let l = -25 + o. What is the tens digit of l?
2
Let p be -3 - (5 - (-2 + 2)). What is the units digit of (p/(-12))/((-3)/(-18))?
4
Let q(v) = 0*v + 7*v + 4*v - 4. Let g(h) = 23*h - 8. Let r(f) = -4*g(f) + 9*q(f). What is the units digit of r(5)?
1
Let r = -3098 - -4412. What is the tens digit of r?
1
Let y be 2 + -4 + 1 + 12. Let h(k) = -k**3 + 10*k**2 + 12*k - 9. Let t be h(y). Suppose b - 5*q = -8, t*q = b - 2*b + 13. What is the units digit of b?
7
Suppose 0 = 2*n + 3*c - 455, 4*c = -4*n + 1225 - 305. Let a be 2/8 - n/(-20). Let v(g) = -g**3 + 13*g**2 - 12*g + 16. What is the units digit of v(a)?
6
Let d(u) = u**2 + 12*u + 10. Let w be d(-11). Let j be -2*((-33)/(-6) - w). What is the units digit of (j/4)/((-5)/40)?
6
Suppose -5043 - 4425 = -6*b. What is the hundreds digit of b?
5
Let h(c) = 3*c + 3. Let n(v) = 2*v + 2. Let g(a) = -6*h(a) + 11*n(a). What is the tens digit of g(3)?
1
Suppose -2*l = b - 2902, 6*l - 9*l + 2*b + 4353 = 0. What is the units digit of l?
1
Let c = -86 + 90. Suppose -3*n = 0, c*n - 36 = -5*i + 364. What is the units digit of i?
0
Let l(b) = 2*b + 27. Let o be l(-16). What is the tens digit of 3/o + (-1192)/(-20)?
5
Suppose 2541 = 3*i + 3*n, 4*i - 1479 = -2*n + 1919. What is the tens digit of i?
5
Let s(n) = -9*n + 9. Let g(r) = 10*r - 9. Let p(x) = 2*g(x) + 3*s(x). What is the tens digit of p(-17)?
2
Suppose 2*r + 4*f = 8, 3*r + 5*f + 5 = 17. Let p = 7 - r. Suppose -4*n + t + 16 = 0, -p*n = -n + 2*t - 8. What is the units digit of n?
4
Let l(i) be the third derivative of i**4/24 + 3*i**3/2 + 4*i**2. Let r be l(7). Suppose 2*c - r = -2. What is the units digit of c?
7
Suppose 416 = 2*s - 8*n + 6*n, 2*s = 5*n + 416. What is the tens digit of s?
0
Let m be (-2 + 2)/(-3) + -10. Let f = 10 + m. Suppose -3*w + 11 = 5*r, f = 6*w - 2*w + 4*r - 12. What is the units digit of w?
2
Suppose 89*o - 88*o = -4*z + 2312, 0 = -3*z + 6. What is the tens digit of o?
0
Suppose -10*b = -16039 - 5741. What is the thousands digit of b?
2
What is the tens digit of ((-46)/(-8) - 2)/(2/48)?
9
Let a = -78 + 131. Suppose -b = 2*r - 106, -r + a = -0*b - 4*b. What is the units digit of r?
3
Suppose -49 = 2*b - 3*b. Suppose -9*u = -7*u + 56. Let z = u + b. What is the tens digit of z?
2
Let y(h) = -h**2 - 10*h - 20. Let t be y(-8). Let i(v) = -v**2 - 3*v + 5. Let m be i(t). What is the tens digit of m/2*(-76)/(-2)?
1
Let x be (-3 - -2 - 1)*129/6. What is the tens digit of x*(3 - 7)/4?
4
Let y = 932 + -858. What is the units digit of y?
4
Let y = -126 + 125. Suppose 2*t = -t. What is the units digit of (y - 4)*(t - 1)?
5
Let p(m) = m**2 + m + 81. Let o be p(0). Suppose -4 = 2*n, 3*n + 90 + 26 = 2*c. Let j = o - c. What is the units digit of j?
6
What is the tens digit of ((-492)/(-9))/((-6)/(-63))?
7
What is the hundreds digit of (2844/(-45))/((-3)/15)?
3
Let u(t) = -t**2 - 8*t + 11. Let y(d) = -3*d + 6. Let p be y(5). Let i be u(p). What is the units digit of (-2)/6*0 + i?
2
Let v(c) be the third derivative of c**6/120 - 7*c**5/60 - 7*c**4/24 - c**3 - 6*c**2. Let z be v(8). Suppose -n + 120 = z*n. What is the tens digit of n?
4
Suppose 3*z = -5*n + 12052, 3*z - 8802 - 3236 = 2*n. What is the units digit of z?
4
What is the hundreds digit of 1 - (-234)/(((-8)/(-28))/1)?
8
Let y(h) = 3*h + 25. Let d be y(-7). Let i(c) = -2*c - 3. Let g be i(-3). Suppose -4*b + 2*w - d*w + 146 = 0, 63 = 2*b + g*w. What is the units digit of b?
9
Let y(l) = 2*l + 28. Let i be y(-14). Suppose i = c - 56 - 38. What is the units digit of c?
4
Let t(q) = q**2 + 6. Let u = -20 - -20. Let v be t(u). Suppose -v*n + 2*n + 120 = -3*a, -2*n + 60 = -2*a. What is the tens digit of n?
3
What is the units digit of (-25)/(-2 + -3) - -325?
0
What is the tens digit of -4 - (54451/(-17) + 4/1)?
9
Let m be -151*(-1)/2*2. Let o = m - 104. What is the tens digit of o?
4
Let v be 6*((-14)/42)/((-2)/892). What is the tens digit of (v/8)/(8/16)?
2
Let c(g) = 8*g**2 + 26*g + 1. Let k be c(-5). Let i = k + 60. What is the tens digit of i?
3
Suppose -13*w + 16*w = -12. Let i = w + 6. Suppose -5*m + 2*m + i*a + 109 = 0, 0 = 4*m + 2*a - 136. What is the tens digit of m?
3
Let i = -65 - -67. Suppose 0*l + 5*q = -l + 117, i*q + 138 = l. What is the hundreds digit of l?
1
Suppose -c = -5*x - 0*c + 182, 3*x - 99 = 4*c. Let k = -17 + x. Suppose 26 = m - k. What is the units digit of m?
6
Let c(o) = -o - 9. Let m(y) = y**3 + 7*y**2 + y - 4. Let k be m(-7). Let v be c(k). Suppose 3 = -a - v*d + 4, 2*d + 53 = 5*a. What is the units digit of a?
9
Suppose 15*m + m = 5712. What is the units digit of m?
7
Let d = 20 - 11. Let m(c) = c**3 - 8*c**2 - 7*c + 8. Let u be m(d). Suppose 3*p - 4*p + u = 0. What is the tens digit of p?
2
Let b be ((-7)/(-2))/(3/(-6)). Let c be ((-1)/2)/(b/28). Suppose m = 3*u - 93, 123 = -c*u + 6*u - m. What is the tens digit of u?
3
What is the units digit of (-43335)/(-120) - 1/8?
1
Let c = 26 - -164. Let p = c - 105. What is the units digit of p?
5
Let d be (-8 - -9) + (0 - -4). Suppose 2*k + u - 35 = 0, 0 = -k + 2*u + 5 + d. What is the tens digit of k?
1
Suppose 2*m = 7*m. Suppose m = 3*s - 2*f - f - 3, 0 = 5*s - 4*f - 7. Suppose -s = -c + 18. What is the units digit of c?
1
Let s = 2 - -29. Let u = 46 - s. Suppose 0*b - u = -3*b. What is the units digit of b?
5
Let o = 131 - -67. What is the units digit of o?
8
Let i = 2447 + -809. What is the hundreds digit of i?
6
Suppose 5*m + 5*c + 175 = 0, 4*m + c + 143 = -0*c. Let y = m - -39. What is the units digit of y?
3
Suppose -5*z - 25 = -a + 4*a, a - 3*z = 1. Let i(m) = 4*m**2 + 8*m - 1. What is the tens digit of i(a)?
5
Suppose -4*p = -5*u - 224, u + 70 - 2 = -5*p. Let y = u + 19. What is the units digit of y*(-5 + 3)/2?
9
Let j(c) be the first derivative of c**3 - 3*c**2/2 - 4*c + 4. Let v be 3/(1/(16/12)). What is the tens digit of j(v)?
3
Let f be (4/(-10))/(2/20). Let j be (-99)/(-21) - f/14. Suppose 0*t - 78 = -j*t + 2*l, 0 = 2*t + l - 33. What is the units digit of t?
6
Let j(o) be the first derivative of -o**3/3 - 8*o**2 - 20*o + 5. What is the tens digit of j(-11)?
3
Let j be 8/(-10) + 2142/(-35). Let q = 192 + j. What is the hundreds digit of q?
1
Let p(z) = -5*z**3 - 21*z**2 - 20*z + 17. Let s(f) = -6*f**3 - 21*f**2 - 19*f + 17. Let n(j) = 5*p(j) - 4*s(j). What is the units digit of n(-20)?
7
Suppose -9*y = 3*l - 7*y - 14, 0 = -3*l + y + 20. Let o(g) = -7*g**2 + 16. Let n(r) = 3*r**2 - 8. Let t(c) = 5*n(c) + 2*o(c). What is the tens digit of t(l)?
2
Let f = 26 + -50. Suppose 4*q + 237 - 65 = 0. Let v = f - q. What is the units digit of v?
9
Let w(a) = a**2 + 5*a - 7. Let n be w(-7). Let f(k) = 10*k - k**2 - 4*k + 10*k + 2 - 6*k. What is the units digit of f(n)?
3
Let t = 49 - 45. Suppose -t*b = -3*b - 132. What is the units digit of b?
2
Let h(j) = 2*j**2 - 5*j - 35. Let v be h(7). What is the units digit of 48/v*168/1?
8
Suppose -l - 1024 = -5*k + 2*l, -2*k + 404 = -4*l. Suppose 4*c - 3*u - 290 = -4*u, -3*c + k = -5*u. What is the units digit of c?
2
Suppose d - 24 = -3*h, 4*h = 8 - 0. What is the tens digit of (204/16)/(d/96)?
6
Suppose 0*s = s - 43. Let y = -26 + 57. Let h = s - y. What is the tens digit of h?
1
Let i(q) = -q**3 - q**2 + q + 1. Let a(j) = 3*j**3 + 11*j**2 + 7*j - 31. Let u(d) = -a(d) - 4*i(d). What is the units digit of u(8)?
3
Suppose 1373 = -10*u + 5233. What is the units digit of u?
6
What is the thousands digit of -4 - (-16)/24*5835?
3
Let i = -6 + 6. Suppose 0 = 2*p - 4*f - 44, 3*p + 3*f - 86 = 4*f. Suppose 2*b - 3*g - p = 0, -b + i*g + 10 = g. What is the units digit of b?
2
What is the units digit of (7 - 8)/((1/218)/(-1))?
8
Let i be (-2 - 1)/(6/(-8)). Let p be 8*((-7)/4 + i). Suppose -4*u + 4*m + 124 = 20, u = -3*m + p. What is the tens digit of u?
2
Let d = -2295 + 5209. What is the units digit of d?
4
Let h(z) = 19*z**2 + 30*z - 136. What is the tens digit of h(